) = h**3 + h**2 + h - 1. Let z(f) = 5*f**3 + 11*f**2 + 10*f - 15. Let n(g) = 6*r(g) - z(g). What are the prime factors of n(6)?
3, 7
Suppose 3*m - 7*m = -3*s + 20, -27 = -4*s + 5*m. List the prime factors of s/16*(-42)/(-1).
3, 7
List the prime factors of 81/18*(19 - -1).
2, 3, 5
Let w be 2/4 - (-34)/(-4). Let c = -3 - w. Let p(r) = r**2 - 2*r + 1. What are the prime factors of p(c)?
2
Suppose 3*s - 5*z + 46 = 0, 4*z = s + 34 - 7. Let d = s - -21. What are the prime factors of d?
2, 7
Suppose 2*u = 126 + 32. What are the prime factors of u?
79
Let g = 7 - 9. List the prime factors of (-6 - -24)/((-3)/g).
2, 3
Suppose -t - 4*g + 15 = 0, -3*t - g - 3*g = -21. Let j = 1 + t. Suppose 2*z = j*z - 16. What are the prime factors of z?
2
Let w = -25 - -8. Let q be (3/3)/(3/36). List the prime factors of 8/q*(-2 - w).
2, 5
Let n be (-5)/3*(-90)/25. Let s = n - -33. List the prime factors of s.
3, 13
Let y = -56 + 252. What are the prime factors of y?
2, 7
Let o(x) = x**3 - x**2 + 7*x**2 + 0*x**3 + 5*x. Suppose -4*v - 13 - 3 = 0. What are the prime factors of o(v)?
2, 3
Suppose -7*p + 668 + 39 = 0. What are the prime factors of p?
101
Let t(n) = -n**3 + 12*n**2 - 21*n - 12. List the prime factors of t(8).
2, 19
Suppose 5*h = 257 - 27. What are the prime factors of h?
2, 23
Suppose 0 = -2*r + 11 + 7. Suppose -g + 9 = -r. What are the prime factors of g?
2, 3
List the prime factors of (-8)/(-44) + (-984)/(-33).
2, 3, 5
Let u be 0/(-2 + 5) - -2. Suppose 2*s + 2*z = -2, -u*z - 11 = -4*s - z. Suppose r + 20 = 6*r, -4*d - s*r = -52. What are the prime factors of d?
11
Suppose s - 5*p = 5*s - 191, -5*s + 217 = -p. What are the prime factors of s?
2, 11
Let u(t) = 19*t - 2. Let z be u(5). Suppose 129 = 4*a - 5*w - 0*w, -3*w - z = -3*a. What are the prime factors of a?
2, 13
Let d(i) = 1 + 2*i**2 - 6 - 4*i - 4 + 3*i. List the prime factors of d(-4).
3
Let i(u) be the first derivative of u**2/2 + 4*u + 2. Let v be i(6). Suppose v = -3*s + 8*s. List the prime factors of s.
2
Let j(r) = r**3 + 14*r**2 + 5*r - 13. List the prime factors of j(-13).
7, 13
Let q = 8 - 4. Suppose q*v - 4*j = 12, 0*v = v - 2*j - 7. What are the prime factors of (v/2)/(5/(-110))?
11
Let t be (-182)/6 + 2/(-3). Let y = -21 - t. What are the prime factors of y?
2, 5
Let w = 12 - 7. Suppose 4*l = -4*s + 124, -3*l + 4*s + 99 = w*s. Suppose -3*q + l = 1. What are the prime factors of q?
11
Let r(n) = -8*n**3 - 2*n**2 + 1 + 2*n - 4*n**3 - 2*n. What are the prime factors of r(-1)?
11
Let h = -5 + 7. Let s be 19 + (h + -1)*-3. What are the prime factors of (-5 - -2)*s/(-3)?
2
Let l = 16 + -24. Let i = -3 - l. What are the prime factors of i?
5
Let h = -15 - -15. Suppose -13 = -j - h. List the prime factors of j.
13
Let b(s) = s**3 + 9*s**2 - 9*s + 14. Let d be b(-10). Suppose d*t - 5*i - 42 = 48, 4 = 2*i. Let n = t + -15. What are the prime factors of n?
2, 5
Let p(q) = -q + 10. Let c be p(-7). Suppose i - 24 = c. Suppose -5*h + i = j, h + 8*j - 4*j - 12 = 0. What are the prime factors of h?
2
Suppose -2*h + 9 = 2*q + h, -4*h = q - 2. What are the prime factors of q?
2, 3
Suppose -4*s = u + 5, -s - s = 2*u + 40. Let y = -17 - u. What are the prime factors of y?
2
Let h(l) = 41*l**2 - l + 1. What are the prime factors of h(1)?
41
Suppose -5*j + 25 = 0, -116 = -3*b - j + 6*j. What are the prime factors of b?
47
Let n(c) = 5*c - 46. Let i(y) = -y + 9. Let t(a) = 11*i(a) + 2*n(a). Let h be t(5). Suppose -5*p + h*p + 21 = 0. What are the prime factors of p?
7
Suppose -6*c + 48 = -2*c. Let z = -17 + c. Let n = z + 8. What are the prime factors of n?
3
Suppose 4*g - 7*l - 64 = -3*l, -5*l = 2*g + 3. What are the prime factors of g?
11
Let c(s) = s**2 + 3*s + 1. Let n be c(-4). Suppose -n*t + 50 = -0*t. What are the prime factors of t?
2, 5
Let t = 83 - 36. List the prime factors of t.
47
Let r = 454 + -253. What are the prime factors of r?
3, 67
Let w(f) = 2*f**3 - 8*f**2 + 12*f - 8. What are the prime factors of w(5)?
2, 3, 17
Let w(b) = -b + 4. Let c be w(0). Let q be (4/(-8))/(2/c). List the prime factors of 6 - (-1 + 1/q).
2
Let w be 7/(-35) - (-222)/10. Let k = -11 + w. List the prime factors of k.
11
Let m = 16 - 10. Suppose 0 = -2*q + m. Suppose 0 + q = n. What are the prime factors of n?
3
Suppose -6*w = -3*w - 4*o - 4, w - o = 2. Suppose -w*f + 0*f = -20. Suppose -2 = -f*m + 13. What are the prime factors of m?
3
Let q = 10 - -12. Let k = q + 1. List the prime factors of k.
23
Suppose -5*k + 20 = z + 4*z, -9 = -z + 4*k. What are the prime factors of z?
5
Let a = -96 + 149. Let w = a - 25. List the prime factors of w.
2, 7
Let p be 4/22 - 31/(-11). Suppose -p*w = -7*w + 12. What are the prime factors of w?
3
Let d(j) = 52*j**2 - j + 1. Let n be d(1). Suppose 0 = -b - b + n. What are the prime factors of b?
2, 13
Suppose -5*k = -4*v + 135 - 9, k + v = -18. Let j = -43 - k. Let h = 29 + j. What are the prime factors of h?
2
Let d = 32 - -224. What are the prime factors of d?
2
Suppose 0 = -3*c - 9, 5*h - 3 = c + 10. Let d = h + 37. Suppose -109 = -5*k - d. What are the prime factors of k?
2, 7
Suppose 3*m = -4*f + 11, 2*f - 3*f + 4 = 2*m. List the prime factors of (-8)/(-12)*33/f.
11
Let r = -11 - -23. Suppose -4*g + 5*l + 0*l - r = 0, -g = 2*l - 10. What are the prime factors of g/(-8) - (-123)/12?
2, 5
Suppose q = -2*q + 27. Let x(n) = -n**3 + 10*n**2 - 10*n + 11. Let a be x(q). Suppose 5*f - a*m + 4 = 39, -4*f + 51 = 3*m. What are the prime factors of f?
3
Let t(d) = 15*d + 1. Let c be (6/4 + -2)*-22. Suppose 8 = 2*x + 2*z - 4, 4*x - 3*z + c = 0. What are the prime factors of t(x)?
2
Let h = 2 - -14. Suppose -3*d = -d - h. List the prime factors of d.
2
What are the prime factors of -6 + (-3 - -5) + 290?
2, 11, 13
Let b(c) be the third derivative of c**5/60 + c**4/4 - 7*c**3/6 + c**2. Suppose -11 - 21 = 4*m. What are the prime factors of b(m)?
3
Let c(w) = w**3 - w**2 - w - 1. Let o be c(2). Suppose 8 = 2*r + h, -5*r - h + o = -19. Suppose 20 = r*a + 8. What are the prime factors of a?
3
Let y = -32 - -47. Suppose -3*m + 5 + 11 = -z, -5*z - 28 = -2*m. List the prime factors of (y/10)/(3/m).
2
Let o(v) = -2 + 3*v + 2 - 5*v**2 + 8*v**2. What are the prime factors of o(-3)?
2, 3
Let z(t) = t**3 + 4*t**2 + 3*t + 2. Let j = 6 - 9. Let y be z(j). Suppose 0*o + 3*o = y*x + 19, -x = 5. List the prime factors of o.
3
Suppose -x + 8 = x. Suppose -2 = -2*k + x*y, 5*k + 0*y - 37 = 2*y. What are the prime factors of k?
3
Let u be (-3 + 2)/(3/(-6)). Suppose u*o = o + 4. What are the prime factors of o?
2
Suppose 315 = -7*b + 1148. What are the prime factors of b?
7, 17
List the prime factors of 0 - (-70 + (-1 - 3)).
2, 37
Suppose 2*u + 108 = 6*u. List the prime factors of u.
3
Let a be (-10)/4 - (-6)/(-4). Let x(o) = -10*o - 3. What are the prime factors of x(a)?
37
Let b = -1 - 5. Let d = -13 + -1. Let p = b - d. List the prime factors of p.
2
What are the prime factors of 657/21 + (-4)/14?
31
Let g be (-2 - 6/(-4))*-22. What are the prime factors of (-4 - g)*1/(-3)?
5
Suppose -5*o - 4*g + 222 = -171, 306 = 4*o - g. What are the prime factors of o?
7, 11
Let b(v) = -2*v**3 + 2*v**2 - 2*v + 82. What are the prime factors of b(0)?
2, 41
Suppose 2*k - 7*k - 3*y = -10, 5*y = -3*k - 10. Let o(d) = d**3 - 6*d**2 + 6*d + 2. What are the prime factors of o(k)?
7
Let o(x) = -5*x**3 - x**2 - x. List the prime factors of o(-1).
5
Suppose 0 = -3*c, 7*o - 4*c - 800 = 2*o. Suppose 5*f + 0*f = o. What are the prime factors of f?
2
Let j(v) = -9*v + 3. What are the prime factors of j(-2)?
3, 7
Suppose -2*f - 4*m = -26, 2*m - 7 - 15 = -2*f. List the prime factors of f.
3
Let b(f) = -f**2 + 3*f - 4. Let j be b(4). Suppose 0 = -2*i - 14 - 6. Let n = j - i. What are the prime factors of n?
2
Let k be 2 - (2 - 0)*1. Let n(c) = c**3 + c**2 - 2*c + 1. Let u be n(2). Suppose h - u = -k*h. What are the prime factors of h?
3
Suppose 69 = -2*u + 4*u - f, -u = 4*f - 39. List the prime factors of u.
5, 7
Suppose 2*c = -4*x + 58, 96 + 29 = 4*c + 5*x. List the prime factors of c.
5, 7
Let n(h) = h**2 + 11*h + 10. What are the prime factors of n(-14)?
2, 13
Suppose 4*p + 4*l + 0*l = 0, -4*p + 2*l + 30 = 0. Let a = p - -2. Let r = a + -3. What are the prime factors of r?
2
Let q(u) = -1 + 7*u - u + 0*u + 9*u**2 + 8*u**3 - 7*u**3. Let c